be the first derivative of u**2/2 - 22*u + 3. Let v be c(15). Let b = v + 40. What is the remainder when b is divided by 12?
9
Let h be (-8)/(-4) + 4 + 1. Suppose -x + g + 6 = 0, 3*x - 53 = -0*x - 4*g. Let m = x - h. What is the remainder when 15 is divided by m?
3
Suppose -3088 = -7*d + 6425. Calculate the remainder when d is divided by 47.
43
Let z be (-68)/(-4)*(-1 + 2). Suppose i - z = -1. Suppose 3*n - 14 = i. Calculate the remainder when n is divided by 6.
4
Let l(u) = 3*u**2 - 79*u - 30. Calculate the remainder when 45 is divided by l(27).
21
Suppose 4*l - 71 = -27. Let c = 54 - 13. What is the remainder when c is divided by l?
8
Let r be ((-225)/(-30))/(1/(-12)). Let d = r + 97. What is the remainder when 21 is divided by d?
0
Let n(c) = 115*c + 733. Calculate the remainder when n(-6) is divided by 27.
16
Suppose -412 = 5*j - 4*r, 3*r = j + 16 + 73. Let p = j + 92. Calculate the remainder when 19 is divided by p.
7
Suppose -861 = -4*n - 117. Calculate the remainder when n is divided by 64.
58
Let x(j) = -2*j**3 - 5*j**2 - j + 2. Let k = -482 - -546. What is the remainder when k is divided by x(-3)?
8
Let r = 261 + -54. Let i = -77 + r. Calculate the remainder when i is divided by 22.
20
Let x = -151 - -246. Calculate the remainder when x is divided by 16.
15
Let g(z) = 2*z**3 + 18*z**2 - 9*z - 37. Suppose 3*a = 213 + 309. Calculate the remainder when a is divided by g(-9).
42
Suppose 159 = 78*p - 75*p. What is the remainder when 1058 is divided by p?
51
Suppose 167 = 4*w - 3*b - 33, w - 57 = -b. Calculate the remainder when 168 is divided by w.
9
Calculate the remainder when (10/30)/(1/222) is divided by 27.
20
Suppose 129 = 5*c - 2*c. Let a = c + -27. Let f(w) = -76*w**3 + 2*w**2 - 7*w - 8. What is the remainder when f(-1) is divided by a?
13
Suppose -j + 3*w = -6, -2*j + 5*w = 47 - 58. What is the remainder when 61 is divided by j?
1
Suppose 0 = -2*z - 4*l - 0*l + 226, 0 = 4*z + 5*l - 455. Suppose 22*n + z = 27*n. Calculate the remainder when n is divided by 13.
10
Let j(n) = 2*n. Let q(y) = 8*y**2. Suppose 3*s = -11*z + 7*z + 19, 0 = 2*z + 5*s - 27. What is the remainder when j(7) is divided by q(z)?
6
Let t = 126 + -81. Calculate the remainder when t is divided by (-602)/(-26) + 30/(-195).
22
Let w = 100 - 66. Let v = w + -42. Calculate the remainder when (-12 - v)*(-146)/4 is divided by 37.
35
Let f be 9/15 - 6/(-15). Let j(r) = -f + 8*r**2 - 7*r**2 - 11 - 6*r. Calculate the remainder when j(9) is divided by 8.
7
Calculate the remainder when (-8)/(-3)*(-9675)/(-150) is divided by 16.
12
What is the remainder when 353 + (8 + -2 - 15) is divided by 44?
36
Suppose h - 14 + 7 = -j, 0 = -3*j + 6. Suppose -4*a - 2*c = -38, 2*c - 16 = -h*a + 33. Let k = 984 + -954. Calculate the remainder when k is divided by a.
8
Let n be (-9 - -7)*(3 + -2). Let a be n/4*(2 + -2). Suppose 0 = -a*r - 2*r + 10. Calculate the remainder when r is divided by 2.
1
Suppose -x = -0*x + 3*j + 35, 0 = 3*j + 15. Suppose -6*k + 3*k = -138. Let n = k + x. What is the remainder when n is divided by 7?
5
Let i(m) = -m + 4. Let a be i(-9). Let y(o) = -o**3 - 5*o**2 - 2*o + 5. Calculate the remainder when y(-5) is divided by a/52 + (-38)/(-8).
0
Suppose 8*h = -20*h + 3696. What is the remainder when h is divided by 45?
42
Suppose n + 4*n = 0, 3*r + 4*n = 12. Suppose -2*m + 104 = 3*b, b + 5*m = 4*m + 35. Let v = b + -19. Calculate the remainder when v is divided by r.
3
Suppose 3*j = k - 2*k + 18, 3*k + 2*j = 26. Suppose 5*x + 270 = 3*m, -m = -4*x + 3*m - 216. Calculate the remainder when k is divided by x/(-15) - (-8)/20.
2
Suppose 0 = -19*v + 22*v - 6. Suppose -4*s + v*z = 14, -2*s - 4*z = -9*z + 27. What is the remainder when (-9 + -29)*s/2 is divided by 7?
5
Suppose -21 = -5*u + 9. Let x(a) = -2*a - 1. Let d(l) = 2*l + 1. Let k(h) = -6*d(h) - 7*x(h). What is the remainder when k(u) is divided by 7?
6
Let z(g) = 5*g. Calculate the remainder when (-6090)/(-105) + 1*-1 is divided by z(6).
27
Suppose -3*i = 86 - 68. Let c = 20 + i. Calculate the remainder when 37 is divided by c.
9
Suppose -9*h + 347 = 41. Calculate the remainder when h is divided by 6.
4
Let k = -405 - -408. Let h(p) = -p**3 - 4*p**2 + p - 1. Calculate the remainder when h(-5) is divided by k.
1
Suppose 0*m - 2*m = -80. Suppose 2*r - 3*r + m = 0. Calculate the remainder when r is divided by 7*4/(-3)*(-3)/2.
12
Let p(g) = -217*g + 16. Suppose -148 - 96 = -4*k. Calculate the remainder when k is divided by p(0).
13
Suppose 188 = -3*c + 53. Let i = c + 28. Let b = 6 - i. Calculate the remainder when b is divided by 6.
5
Calculate the remainder when (-526)/(-7) + ((-57)/7 - -8) is divided by (-174)/(-9) - (-1)/(-3).
18
Let q(z) = 5*z**2 + 8*z - 16. Calculate the remainder when 33 is divided by q(2).
13
Let z = -32 - -56. Suppose -6*h + 2*h = -z. Calculate the remainder when h is divided by 4 + 2*(-1)/(-2).
1
Let n(f) = f**3 - 12*f**2 + 9*f - 9. Let i = 0 - 3. Let l be (-48)/i - (-12)/(-3). What is the remainder when n(l) is divided by 25?
24
Suppose 2*i - 6 = 0, 8 = -3*d + 2*i + 50. Calculate the remainder when 142 is divided by d.
14
What is the remainder when 127 is divided by (-7 + 4 + 0)*(-130)/6?
62
Suppose -145*a = -144*a - 12. What is the remainder when 70 is divided by a?
10
Let i = -18 - 8. Let s = i - -31. Suppose 6*z = s*z + 38. What is the remainder when z is divided by 10?
8
Let z(k) = k**2 + 17*k + 99. What is the remainder when 329 is divided by z(-6)?
32
Let d = -51 + 21. Let g = 122 - d. Suppose -5*w + g = 22. Calculate the remainder when 50 is divided by w.
24
Let a = 67 - 55. What is the remainder when 23 is divided by a?
11
Suppose -5*m + 28 = -77. Let v = 7 - m. Let r = 25 + v. What is the remainder when 20 is divided by r?
9
Let m(b) = 3*b**2 - 40*b - 10. What is the remainder when m(21) is divided by 28?
25
Let m = 7 - 11. Calculate the remainder when (1/m)/(3/2844*-3) is divided by 27.
25
Suppose -4*j + 0*j - 5*o = -221, 25 = 5*o. Suppose 0 = 3*k + 6 + 69. Calculate the remainder when j is divided by (-2)/(-10) - 620/k.
24
Suppose -q = 5*p - 15, -2*q + 2 + 6 = -p. Suppose -2*a - c - 549 = 0, 2*a + 179 + 355 = p*c. Calculate the remainder when a/(-5) - 4/10 is divided by 14.
12
Let z be (11/(-3) - -3)*372/(-8). Suppose 3*x = -z + 85. What is the remainder when x is divided by 5?
3
Let d be ((-18)/(-15))/((-15)/(-400)). Suppose 0 = -3*t + d + 1. Calculate the remainder when t is divided by (2 + 1)/(0 - -1).
2
Suppose -296*l + 299*l = 87. What is the remainder when l is divided by (16/(-5))/(5/(-25))?
13
Let c(n) = -2*n**3 - 30*n**2 - 10*n - 23. What is the remainder when c(-15) is divided by 34?
25
Suppose 10 = 4*n + 2. Suppose -4 = n*v - 0, -3*z + 3*v = -42. Suppose 14*l - 21 = 11*l. Calculate the remainder when z is divided by l.
5
Suppose w - 62 = -w. Let k be ((-3)/((-9)/(-3)))/((-1)/(-3)). Let v = w + k. Calculate the remainder when 81 is divided by v.
25
Let y(n) = -2*n**3 + 59*n**2 + 33*n - 87. Suppose 0 = 4*b + 2 - 42. Calculate the remainder when b is divided by y(30).
1
Let v(d) = 15*d - 1. Suppose 0 = -3*p - 2*t + 12, -4*p + 10 = -2*p + 2*t. Suppose 3*h - 26 = p*h. Calculate the remainder when h is divided by v(1).
12
Suppose -4*s + 96 = r - 5*r, 4*s + r = 86. What is the remainder when 65 is divided by s?
21
Let c = -237 + 281. Suppose -4*s + 39 = -u - 24, -s = 5*u. Let i = s + -6. Calculate the remainder when c is divided by i.
8
Let f(z) = -z**2 + 11*z - 12. Suppose 339*w - 230 = 334*w. Calculate the remainder when w is divided by f(8).
10
Suppose -5*k + 5 = -5*p, 58 = 5*k + p + 23. Let n(m) = -m**3 + 6*m**2 + 3*m + 2. Calculate the remainder when 57 is divided by n(k).
17
Let z(c) be the third derivative of -c**5/60 + 9*c**3 + 12*c**2. What is the remainder when z(0) is divided by 11?
10
Suppose 12132 = 126*j - 114*j. What is the remainder when j is divided by 92?
91
Suppose 0 = -2*r + 10*r - 848. Calculate the remainder when r is divided by 11.
7
Let m = -74 - 101. Let q = 323 + m. What is the remainder when q is divided by 30?
28
Suppose 3*n = q + 5, n - 2*q = -n + 2. Suppose -210 = -30*v + 15*v. Calculate the remainder when n + (0/(-2) - -51) is divided by v.
11
Let i(f) = -f**3 - 2*f**2 - f - 73. Calculate the remainder when i(-7) is divided by 57.
8
Suppose -13 